{"version":"1.0","provider_name":"Baeza SARL, Paysagiste et P\u00e9pini\u00e8re","provider_url":"https:\/\/www.baezasarl-paysagiste-pepiniere.fr\/site","author_name":"bpp_ewadmin","author_url":"https:\/\/www.baezasarl-paysagiste-pepiniere.fr\/site\/author\/bpp34725\/","title":"Ficus Carica (Figuier, Noire de Caromb) - Baeza SARL, Paysagiste et P\u00e9pini\u00e8re","type":"rich","width":600,"height":338,"html":"<blockquote class=\"wp-embedded-content\" data-secret=\"CtNJJmjfmZ\"><a href=\"https:\/\/www.baezasarl-paysagiste-pepiniere.fr\/site\/art-vegetaux-arbres-ficus-carica\/\">Ficus Carica (Figuier, Noire de Caromb)<\/a><\/blockquote><iframe sandbox=\"allow-scripts\" security=\"restricted\" src=\"https:\/\/www.baezasarl-paysagiste-pepiniere.fr\/site\/art-vegetaux-arbres-ficus-carica\/embed\/#?secret=CtNJJmjfmZ\" width=\"600\" height=\"338\" title=\"\u00ab\u00a0Ficus Carica (Figuier, Noire de Caromb)\u00a0\u00bb &#8212; Baeza SARL, Paysagiste et P\u00e9pini\u00e8re\" data-secret=\"CtNJJmjfmZ\" frameborder=\"0\" marginwidth=\"0\" marginheight=\"0\" scrolling=\"no\" class=\"wp-embedded-content\"><\/iframe><script type=\"text\/javascript\">\n\/*! This file is auto-generated *\/\n!function(d,l){\"use strict\";var e=!1,o=!1;if(l.querySelector)if(d.addEventListener)e=!0;if(d.wp=d.wp||{},!d.wp.receiveEmbedMessage)if(d.wp.receiveEmbedMessage=function(e){var t=e.data;if(t)if(t.secret||t.message||t.value)if(!\/[^a-zA-Z0-9]\/.test(t.secret)){for(var r,a,i,s=l.querySelectorAll('iframe[data-secret=\"'+t.secret+'\"]'),n=l.querySelectorAll('blockquote[data-secret=\"'+t.secret+'\"]'),o=new RegExp(\"^https?:$\",\"i\"),c=0;c<n.length;c++)n[c].style.display=\"none\";for(c=0;c<s.length;c++)if(r=s[c],e.source===r.contentWindow){if(r.removeAttribute(\"style\"),\"height\"===t.message){if(1e3<(i=parseInt(t.value,10)))i=1e3;else if(~~i<200)i=200;r.height=i}if(\"link\"===t.message)if(a=l.createElement(\"a\"),i=l.createElement(\"a\"),a.href=r.getAttribute(\"src\"),i.href=t.value,o.test(i.protocol))if(i.host===a.host)if(l.activeElement===r)d.top.location.href=t.value}}},e)d.addEventListener(\"message\",d.wp.receiveEmbedMessage,!1),l.addEventListener(\"DOMContentLoaded\",t,!1),d.addEventListener(\"load\",t,!1);function t(){if(!o){o=!0;for(var e,t,r,a=-1!==navigator.appVersion.indexOf(\"MSIE 10\"),i=!!navigator.userAgent.match(\/Trident.*rv:11\\.\/),s=l.querySelectorAll(\"iframe.wp-embedded-content\"),n=0;n<s.length;n++){if(!(r=(t=s[n]).getAttribute(\"data-secret\")))r=Math.random().toString(36).substr(2,10),t.src+=\"#?secret=\"+r,t.setAttribute(\"data-secret\",r);if(a||i)(e=t.cloneNode(!0)).removeAttribute(\"security\"),t.parentNode.replaceChild(e,t);t.contentWindow.postMessage({message:\"ready\",secret:r},\"*\")}}}}(window,document);\n<\/script>\n","thumbnail_url":"https:\/\/www.baezasarl-paysagiste-pepiniere.fr\/site\/wp-content\/uploads\/BaezaSarl_Pepiniere_FicusCarica.jpg","thumbnail_width":1024,"thumbnail_height":768,"description":"Le Figuier (Ficus Carica) est un arbre fruitier d\u2019une grande long\u00e9vit\u00e9, peu rustique, ses rameaux ne r\u00e9sistant pas \u00e0 un froid descendant sous -10\u00b0C. Ce tr\u00e8s bel arbre, de par son feuillage remarquable (d\u00e9coup\u00e9, vert brillant fonc\u00e9 et ses feuilles atteignant 20 \u00e0 30 cm de long, alternes, palm\u00e9es et profond\u00e9ment lob\u00e9es), peut \u00eatre utilis\u00e9 comme arbre ornemental."}

Baeza SARL, Paysagiste et Pépinière

Ficus Carica (Figuier, Noire de Caromb) - Baeza SARL, Paysagiste et Pépinière

<blockquote class="wp-embedded-content" data-secret="CtNJJmjfmZ"><a href="https://www.baezasarl-paysagiste-pepiniere.fr/site/art-vegetaux-arbres-ficus-carica/">Ficus Carica (Figuier, Noire de Caromb)</a></blockquote><iframe sandbox="allow-scripts" security="restricted" src="https://www.baezasarl-paysagiste-pepiniere.fr/site/art-vegetaux-arbres-ficus-carica/embed/#?secret=CtNJJmjfmZ" width="600" height="338" title="« Ficus Carica (Figuier, Noire de Caromb) » &#8212; Baeza SARL, Paysagiste et Pépinière" data-secret="CtNJJmjfmZ" frameborder="0" marginwidth="0" marginheight="0" scrolling="no" class="wp-embedded-content"></iframe><script type="text/javascript">
/*! This file is auto-generated */
!function(d,l){"use strict";var e=!1,o=!1;if(l.querySelector)if(d.addEventListener)e=!0;if(d.wp=d.wp||{},!d.wp.receiveEmbedMessage)if(d.wp.receiveEmbedMessage=function(e){var t=e.data;if(t)if(t.secret||t.message||t.value)if(!/[^a-zA-Z0-9]/.test(t.secret)){for(var r,a,i,s=l.querySelectorAll('iframe[data-secret="'+t.secret+'"]'),n=l.querySelectorAll('blockquote[data-secret="'+t.secret+'"]'),o=new RegExp("^https?:$","i"),c=0;c<n.length;c++)n[c].style.display="none";for(c=0;c<s.length;c++)if(r=s[c],e.source===r.contentWindow){if(r.removeAttribute("style"),"height"===t.message){if(1e3<(i=parseInt(t.value,10)))i=1e3;else if(~~i<200)i=200;r.height=i}if("link"===t.message)if(a=l.createElement("a"),i=l.createElement("a"),a.href=r.getAttribute("src"),i.href=t.value,o.test(i.protocol))if(i.host===a.host)if(l.activeElement===r)d.top.location.href=t.value}}},e)d.addEventListener("message",d.wp.receiveEmbedMessage,!1),l.addEventListener("DOMContentLoaded",t,!1),d.addEventListener("load",t,!1);function t(){if(!o){o=!0;for(var e,t,r,a=-1!==navigator.appVersion.indexOf("MSIE 10"),i=!!navigator.userAgent.match(/Trident.*rv:11\./),s=l.querySelectorAll("iframe.wp-embedded-content"),n=0;n<s.length;n++){if(!(r=(t=s[n]).getAttribute("data-secret")))r=Math.random().toString(36).substr(2,10),t.src+="#?secret="+r,t.setAttribute("data-secret",r);if(a||i)(e=t.cloneNode(!0)).removeAttribute("security"),t.parentNode.replaceChild(e,t);t.contentWindow.postMessage({message:"ready",secret:r},"*")}}}}(window,document);
</script>

Le Figuier (Ficus Carica) est un arbre fruitier d’une grande longévité, peu rustique, ses rameaux ne résistant pas à un froid descendant sous -10°C. Ce très bel arbre, de par son feuillage remarquable (découpé, vert brillant foncé et ses feuilles atteignant 20 à 30 cm de long, alternes, palmées et profondément lobées), peut être utilisé comme arbre ornemental.
